{"id":2705,"date":"2024-11-15T11:58:48","date_gmt":"2024-11-15T11:58:48","guid":{"rendered":"https:\/\/schule-sterntalerstrasse.hamburg.de\/?page_id=2705"},"modified":"2024-11-15T11:58:54","modified_gmt":"2024-11-15T11:58:54","slug":"elterncafe","status":"publish","type":"page","link":"https:\/\/schule-sterntalerstrasse.hamburg.de\/?page_id=2705","title":{"rendered":"Elterncaf\u00e9"},"content":{"rendered":"<p>[et_pb_section fb_built=&#8220;1&#8243; _builder_version=&#8220;4.27.2&#8243; _module_preset=&#8220;default&#8220; global_colors_info=&#8220;{}&#8220;][et_pb_row column_structure=&#8220;2_5,3_5&#8243; _builder_version=&#8220;4.27.2&#8243; _module_preset=&#8220;default&#8220; global_colors_info=&#8220;{}&#8220;][et_pb_column type=&#8220;2_5&#8243; _builder_version=&#8220;4.27.2&#8243; _module_preset=&#8220;default&#8220; global_colors_info=&#8220;{}&#8220;][et_pb_heading title=&#8220;Das Elterncaf\u00e9&#8220; _builder_version=&#8220;4.27.2&#8243; _module_preset=&#8220;default&#8220; hover_enabled=&#8220;0&#8243; sticky_enabled=&#8220;0&#8243; title_text_color=&#8220;#382c84&#8243;][\/et_pb_heading][et_pb_text _builder_version=&#8220;4.27.2&#8243; _module_preset=&#8220;default&#8220; hover_enabled=&#8220;0&#8243; sticky_enabled=&#8220;0&#8243;]<\/p>\n<p><span style=\"color: #382c84\"><strong>Das Elterncaf\u00e9 | Beratung f\u00fcr Eltern und Unterst\u00fctzung bei Schulfesten<\/strong><\/span><\/p>\n<p><span style=\"color: #382c84\">Das ist ein tolles Angebot von Eltern f\u00fcr Eltern: Jeden <strong>Dienstag ist das Elterncaf\u00e9 von 8 bis 8.45 Uhr ge\u00f6ffnet<\/strong>. Die M\u00fctter beraten zu Fragen rund um die Schule. Sie sind Elternmentorinnen, weil sie eine Ausbildung (Qualifikation) gemacht haben. Im Elterncaf\u00e9 wird deutsch, t\u00fcrkisch, kurdisch, griechisch, albanisch, arabisch und Dari gesprochen. Kommen Sie gern und ohne Anmeldung am Dienstag um 8 Uhr zum Caf\u00e9 im <strong>Haus 1<\/strong> oben.<\/span><\/p>\n<p><span style=\"color: #382c84\">Engagierte Eltern helfen auch bei Schulfesten: F\u00fcr den Laternenumzug werden Brezeln und Zimtschnecken gebacken und verkauft. Das Sommerfest wird mitgestaltet, Eltern begleiten die Kinder bei Sportwettk\u00e4mpfen und Schulausfl\u00fcgen.<\/span><\/p>\n<p><span style=\"color: #382c84\">\u00a0<\/span><\/p>\n<p><strong><span style=\"color: #382c84\">M\u00f6chten Sie mitmachen? Wir freuen uns auf Sie. Herzlich willkommen!<\/span><\/strong><\/p>\n<p><span style=\"color: #382c84\"><\/span><\/p>\n<p><span style=\"color: #382c84\"><\/span><\/p>\n<p><span style=\"color: #382c84\"><\/span><\/p>\n<p><span style=\"color: #382c84\"><\/span><\/p>\n<p><span style=\"color: #382c84\"><\/span><\/p>\n<p><span style=\"color: #382c84\"><\/span><\/p>\n<p><span style=\"color: #382c84\"><\/span><\/p>\n<p><span style=\"color: #382c84\"><\/span><\/p>\n<p><span style=\"color: #382c84\"><\/span><\/p>\n<p><span style=\"color: #382c84\"><\/span><\/p>\n<p><span style=\"color: #382c84\"><\/span><\/p>\n<p><span style=\"color: #382c84\"><\/span><\/p>\n<p><span style=\"color: #382c84\"><\/span><\/p>\n<p><span style=\"color: #382c84\"><\/span><\/p>\n<p>[\/et_pb_text][et_pb_text _builder_version=&#8220;4.27.2&#8243; _module_preset=&#8220;default&#8220; hover_enabled=&#8220;0&#8243; sticky_enabled=&#8220;0&#8243;]<\/p>\n<p><em>Text &amp; Foto: Tina Klapproth<\/em><\/p>\n<p>[\/et_pb_text][\/et_pb_column][et_pb_column type=&#8220;3_5&#8243; _builder_version=&#8220;4.27.2&#8243; _module_preset=&#8220;default&#8220; global_colors_info=&#8220;{}&#8220;][et_pb_image src=&#8220;https:\/\/schule-sterntalerstrasse.hamburg.de\/wp-content\/uploads\/sites\/125\/2024\/11\/Elterncafe_2024_final_gross.png&#8220; _builder_version=&#8220;4.27.2&#8243; _module_preset=&#8220;default&#8220; title_text=&#8220;Elterncafe_2024_final_gro\u00df&#8220; hover_enabled=&#8220;0&#8243; sticky_enabled=&#8220;0&#8243;][\/et_pb_image][\/et_pb_column][\/et_pb_row][\/et_pb_section]<\/p>\n","protected":false},"excerpt":{"rendered":"<p>Das Elterncaf\u00e9 | Beratung f\u00fcr Eltern und Unterst\u00fctzung bei Schulfesten Das ist ein tolles Angebot von Eltern f\u00fcr Eltern: Jeden Dienstag ist das Elterncaf\u00e9 von 8 bis 8.45 Uhr ge\u00f6ffnet. Die M\u00fctter beraten zu Fragen rund um die Schule. Sie sind Elternmentorinnen, weil sie eine Ausbildung (Qualifikation) gemacht haben. Im Elterncaf\u00e9 wird deutsch, t\u00fcrkisch, kurdisch, [&hellip;]<\/p>\n","protected":false},"author":1874,"featured_media":0,"parent":0,"menu_order":0,"comment_status":"closed","ping_status":"closed","template":"","meta":{"_acf_changed":false,"_et_pb_use_builder":"on","_et_pb_old_content":"","_et_gb_content_width":"","footnotes":""},"class_list":["post-2705","page","type-page","status-publish","hentry"],"acf":[],"_links":{"self":[{"href":"https:\/\/schule-sterntalerstrasse.hamburg.de\/index.php?rest_route=\/wp\/v2\/pages\/2705","targetHints":{"allow":["GET"]}}],"collection":[{"href":"https:\/\/schule-sterntalerstrasse.hamburg.de\/index.php?rest_route=\/wp\/v2\/pages"}],"about":[{"href":"https:\/\/schule-sterntalerstrasse.hamburg.de\/index.php?rest_route=\/wp\/v2\/types\/page"}],"author":[{"embeddable":true,"href":"https:\/\/schule-sterntalerstrasse.hamburg.de\/index.php?rest_route=\/wp\/v2\/users\/1874"}],"replies":[{"embeddable":true,"href":"https:\/\/schule-sterntalerstrasse.hamburg.de\/index.php?rest_route=%2Fwp%2Fv2%2Fcomments&post=2705"}],"version-history":[{"count":3,"href":"https:\/\/schule-sterntalerstrasse.hamburg.de\/index.php?rest_route=\/wp\/v2\/pages\/2705\/revisions"}],"predecessor-version":[{"id":2709,"href":"https:\/\/schule-sterntalerstrasse.hamburg.de\/index.php?rest_route=\/wp\/v2\/pages\/2705\/revisions\/2709"}],"wp:attachment":[{"href":"https:\/\/schule-sterntalerstrasse.hamburg.de\/index.php?rest_route=%2Fwp%2Fv2%2Fmedia&parent=2705"}],"curies":[{"name":"wp","href":"https:\/\/api.w.org\/{rel}","templated":true}]}}