{"id":2487,"date":"2024-06-04T09:56:40","date_gmt":"2024-06-04T09:56:40","guid":{"rendered":"https:\/\/schule-sterntalerstrasse.hamburg.de\/?page_id=2487"},"modified":"2024-08-30T15:33:04","modified_gmt":"2024-08-30T15:33:04","slug":"schuelermentorinnen","status":"publish","type":"page","link":"https:\/\/schule-sterntalerstrasse.hamburg.de\/?page_id=2487","title":{"rendered":"Sch\u00fclermentor*innen"},"content":{"rendered":"<p>[et_pb_section fb_built=&#8220;1&#8243; _builder_version=&#8220;4.25.2&#8243; global_colors_info=&#8220;{}&#8220;][et_pb_row _builder_version=&#8220;4.24.3&#8243; background_size=&#8220;initial&#8220; background_position=&#8220;top_left&#8220; background_repeat=&#8220;repeat&#8220; min_height=&#8220;593.2px&#8220; custom_margin=&#8220;|auto|-348px|auto||&#8220; custom_padding=&#8220;||327px|||&#8220; global_colors_info=&#8220;{}&#8220;][et_pb_column type=&#8220;4_4&#8243; _builder_version=&#8220;4.16&#8243; custom_padding=&#8220;|||&#8220; global_colors_info=&#8220;{}&#8220; custom_padding__hover=&#8220;|||&#8220;][et_pb_heading title=&#8220;Schulmentor*innen&#8220; _builder_version=&#8220;4.25.1&#8243; _module_preset=&#8220;default&#8220; title_text_color=&#8220;#0f0082&#8243; min_height=&#8220;31px&#8220; global_colors_info=&#8220;{}&#8220;][\/et_pb_heading][et_pb_text _builder_version=&#8220;4.25.2&#8243; text_font=&#8220;Karla||||||||&#8220; text_font_size=&#8220;12px&#8220; background_size=&#8220;initial&#8220; background_position=&#8220;top_left&#8220; background_repeat=&#8220;repeat&#8220; height=&#8220;351px&#8220; custom_padding=&#8220;||0px|||&#8220; inline_fonts=&#8220;Karla&#8220; global_colors_info=&#8220;{}&#8220;]<\/p>\n<h3><span style=\"font-family: Karla;color: #0f0082;font-size: medium;font-weight: normal\">Jedes Jahr werden an unserer Schule neue Sch\u00fclermentor*innen aus den dritten Klassen ausgebildet. Die Ausbildung der Mentor*innen wird von Mitarbeiter*innen des KWB (Koordinierungsstelle Weiterbildung und Besch\u00e4ftigung e.V.) an unserer Schule durchgef\u00fchrt.<\/span><\/h3>\n<h3><span style=\"color: #0f0082;font-size: medium;font-family: Karla;font-weight: normal\"><strong><br \/>Ein Jahr lang \u00fcbernehmen die Kinder folgende wichtige Aufgaben:<\/strong><\/span><\/h3>\n<ul>\n<li>\n<h3><span style=\"font-family: Karla;color: #0f0082;font-size: medium;font-weight: normal\">Erstkl\u00e4ssler*innen und Vorsch\u00fcler*innen in der Pause unterst\u00fctzen<\/span><\/h3>\n<\/li>\n<li>\n<h3><span style=\"font-family: Karla;color: #0f0082;font-size: medium;font-weight: normal\">1-2 Mal Aufsicht in der Pause<\/span><\/h3>\n<\/li>\n<li>\n<h3><span style=\"font-family: Karla;color: #0f0082;font-size: medium;font-weight: normal\">1 Stunde in der Woche in der ersten Klasse helfen (z.B. in der Spielzeit, im Kunstunterricht, beim Lesen&#8230;)<\/span><\/h3>\n<\/li>\n<li>\n<h3><span style=\"font-family: Karla;color: #0f0082;font-size: medium;font-weight: normal\">die neuen Kinder bei der Einschulungsfeier begr\u00fc\u00dfen<\/span><\/h3>\n<\/li>\n<li>\n<h3><span style=\"font-family: Karla;color: #0f0082;font-size: medium;font-weight: normal\">beim Tag der offenen T\u00fcr helfen<\/span><\/h3>\n<\/li>\n<li>\n<h3><span style=\"font-family: Karla;color: #0f0082;font-size: medium;font-weight: normal\">beim Sommerfest helfen<\/span><\/h3>\n<\/li>\n<\/ul>\n<p>[\/et_pb_text][\/et_pb_column][\/et_pb_row][\/et_pb_section]<\/p>\n","protected":false},"excerpt":{"rendered":"<p>Jedes Jahr werden an unserer Schule neue Sch\u00fclermentor*innen aus den dritten Klassen ausgebildet. Die Ausbildung der Mentor*innen wird von Mitarbeiter*innen des KWB (Koordinierungsstelle Weiterbildung und Besch\u00e4ftigung e.V.) an unserer Schule durchgef\u00fchrt. Ein Jahr lang \u00fcbernehmen die Kinder folgende wichtige Aufgaben: Erstkl\u00e4ssler*innen und Vorsch\u00fcler*innen in der Pause unterst\u00fctzen 1-2 Mal Aufsicht in der Pause 1 Stunde [&hellip;]<\/p>\n","protected":false},"author":1874,"featured_media":0,"parent":2318,"menu_order":0,"comment_status":"closed","ping_status":"closed","template":"","meta":{"_acf_changed":false,"_et_pb_use_builder":"on","_et_pb_old_content":"<p>Seit dem Sommer 2016 haben wir an unserer Schule 17 ausgebildete Sch\u00fclermentor*innen aus den vierten Klassen. Sie haben eine einw\u00f6chige Ausbildung erhalten, in der sie gelernt haben, wie man andere Sch\u00fcler unterst\u00fctzt und sich f\u00fcr sie einsetzt.<br \/>Die Sch\u00fclermentor*innen k\u00fcmmern sich vorrangig um die Vorschulkinder und die Erstkl\u00e4ssler. Einmal w\u00f6chentlich unterst\u00fctzen sie die Kinder auch im Unterricht. Sie spielen beispielsweise gemeinsam Lernspiele, helfen beim Basteln oder lesen etwas vor. In den Pausen sind sie als Ansprechpartner und Spielgef\u00e4hrte f\u00fcr die kleineren Kinder da.<\/p>","_et_gb_content_width":"","footnotes":""},"class_list":["post-2487","page","type-page","status-publish","hentry"],"acf":[],"_links":{"self":[{"href":"https:\/\/schule-sterntalerstrasse.hamburg.de\/index.php?rest_route=\/wp\/v2\/pages\/2487","targetHints":{"allow":["GET"]}}],"collection":[{"href":"https:\/\/schule-sterntalerstrasse.hamburg.de\/index.php?rest_route=\/wp\/v2\/pages"}],"about":[{"href":"https:\/\/schule-sterntalerstrasse.hamburg.de\/index.php?rest_route=\/wp\/v2\/types\/page"}],"author":[{"embeddable":true,"href":"https:\/\/schule-sterntalerstrasse.hamburg.de\/index.php?rest_route=\/wp\/v2\/users\/1874"}],"replies":[{"embeddable":true,"href":"https:\/\/schule-sterntalerstrasse.hamburg.de\/index.php?rest_route=%2Fwp%2Fv2%2Fcomments&post=2487"}],"version-history":[{"count":15,"href":"https:\/\/schule-sterntalerstrasse.hamburg.de\/index.php?rest_route=\/wp\/v2\/pages\/2487\/revisions"}],"predecessor-version":[{"id":2604,"href":"https:\/\/schule-sterntalerstrasse.hamburg.de\/index.php?rest_route=\/wp\/v2\/pages\/2487\/revisions\/2604"}],"up":[{"embeddable":true,"href":"https:\/\/schule-sterntalerstrasse.hamburg.de\/index.php?rest_route=\/wp\/v2\/pages\/2318"}],"wp:attachment":[{"href":"https:\/\/schule-sterntalerstrasse.hamburg.de\/index.php?rest_route=%2Fwp%2Fv2%2Fmedia&parent=2487"}],"curies":[{"name":"wp","href":"https:\/\/api.w.org\/{rel}","templated":true}]}}