{"id":112,"date":"2015-09-03T12:38:14","date_gmt":"2015-09-03T12:38:14","guid":{"rendered":"http:\/\/schule-sterntalerstrasse.schulhomepages.hamburg.de\/?page_id=112"},"modified":"2025-07-03T11:56:48","modified_gmt":"2025-07-03T11:56:48","slug":"ueber-uns","status":"publish","type":"page","link":"https:\/\/schule-sterntalerstrasse.hamburg.de\/?page_id=112","title":{"rendered":"\u00dcber uns"},"content":{"rendered":"<p>[et_pb_section fb_built=&#8220;1&#8243; admin_label=&#8220;section&#8220; _builder_version=&#8220;4.25.1&#8243; global_colors_info=&#8220;{}&#8220;][et_pb_row column_structure=&#8220;1_2,1_2&#8243; admin_label=&#8220;row&#8220; _builder_version=&#8220;4.24.2&#8243; background_size=&#8220;initial&#8220; background_position=&#8220;top_left&#8220; background_repeat=&#8220;repeat&#8220; global_colors_info=&#8220;{}&#8220;][et_pb_column type=&#8220;1_2&#8243; _builder_version=&#8220;4.16&#8243; custom_padding=&#8220;|||&#8220; global_colors_info=&#8220;{}&#8220; custom_padding__hover=&#8220;|||&#8220;][et_pb_text admin_label=&#8220;Text&#8220; _builder_version=&#8220;4.16&#8243; background_size=&#8220;initial&#8220; background_position=&#8220;top_left&#8220; background_repeat=&#8220;repeat&#8220; inline_fonts=&#8220;Karla&#8220; global_colors_info=&#8220;{}&#8220;]<\/p>\n<h2><span style=\"color: #0f0082;font-family: Karla\">Mitarbeitende<\/span><\/h2>\n<p><span style=\"color: #312782;font-family: Karla\"><\/span><\/p>\n<p><span style=\"text-decoration: underline\"><strong><span style=\"color: #0f0082;text-decoration: underline\">Schulb\u00fcro<\/span><\/strong><\/span><span style=\"color: #ffffff\"><span style=\"font-family: Karla;font-weight: normal\"><\/span><\/span><\/p>\n<p><span style=\"color: #0f0082\"><span style=\"font-family: Karla;font-weight: normal\">Unsere Schulsekret\u00e4rinnen hei\u00dfen <strong>Frau Erberk<\/strong> und <strong>Frau Yasav.<\/strong> Sie sind im B\u00fcro stets f\u00fcr alle kleinen und gro\u00dfen Probleme die richtige Ansprechpartnerinnen.\u00a0<br \/><\/span><span style=\"font-family: Karla\"><\/span><span style=\"font-family: Karla;font-weight: normal\"><\/span><\/span><\/p>\n<p><span style=\"color: #0f0082\">Sprechzeiten: montags bis freitags 7:30-13:00<\/span><br \/><span style=\"color: #0f0082\">Schreiben Sie uns in dringenden F\u00e4llen ausserhalb der <\/span><br \/><span style=\"color: #0f0082\">Sprechzeiten eine E-Mail: schule-sterntalerstrasse@bsb.hamburg.de<\/span><span style=\"font-family: Karla;color: #333399;font-weight: normal\"><\/span><\/p>\n<p><span style=\"font-family: Karla;color: #333399;font-weight: normal\"><\/span><\/p>\n<p><span style=\"font-family: Karla;color: #333399;font-weight: normal\"><\/span><\/p>\n<div class=\"maintext\">\n<p><a href=\"https:\/\/schule-sterntalerstrasse.hamburg.de\/wp-content\/uploads\/sites\/125\/2021\/12\/derya.jpg\" style=\"font-size: 14px\"><img loading=\"lazy\" decoding=\"async\" class=\"alignnone wp-image-1634 size-medium\" src=\"https:\/\/schule-sterntalerstrasse.hamburg.de\/wp-content\/uploads\/sites\/125\/2021\/12\/derya-225x300.jpg\" alt=\"\" width=\"134\" height=\"179\" style=\"font-size: 14px\" srcset=\"https:\/\/schule-sterntalerstrasse.hamburg.de\/wp-content\/uploads\/sites\/125\/2021\/12\/derya-225x300.jpg 225w, https:\/\/schule-sterntalerstrasse.hamburg.de\/wp-content\/uploads\/sites\/125\/2021\/12\/derya-113x150.jpg 113w, https:\/\/schule-sterntalerstrasse.hamburg.de\/wp-content\/uploads\/sites\/125\/2021\/12\/derya.jpg 480w\" sizes=\"(max-width: 134px) 100vw, 134px\" \/><\/a><\/p>\n<p><span style=\"color: #0f0082\">Frau Yasav<\/span><br \/><span style=\"color: #0f0082\">040 42 88 673-50<\/span><\/p>\n<p>&nbsp;<\/p>\n<\/div>\n<div><\/div>\n<div><\/div>\n<p>&nbsp;<\/p>\n<p>[\/et_pb_text][\/et_pb_column][et_pb_column type=&#8220;1_2&#8243; _builder_version=&#8220;4.16&#8243; custom_padding=&#8220;|||&#8220; global_colors_info=&#8220;{}&#8220; custom_padding__hover=&#8220;|||&#8220;][et_pb_text _builder_version=&#8220;4.24.2&#8243; _module_preset=&#8220;default&#8220; min_height=&#8220;211.8px&#8220; custom_padding=&#8220;||2px|||&#8220; inline_fonts=&#8220;Karla&#8220; global_colors_info=&#8220;{}&#8220;]<\/p>\n<p><span style=\"font-family: Karla;font-weight: normal;color: #ffffff\"><\/span><\/p>\n<p><span style=\"font-family: Karla;font-weight: normal;color: #ffffff\"><\/span><\/p>\n<p><span style=\"font-family: Karla;font-weight: normal;color: #ffffff\"><\/span><\/p>\n<p><span style=\"font-family: Karla;font-weight: normal;color: #ffffff\"><\/span><\/p>\n<p><span style=\"text-decoration: underline\"><strong><span style=\"color: #0f0082;text-decoration: underline\">Hausmeister<\/span><\/strong><\/span><\/p>\n<p><span style=\"color: #0f0082\"><span style=\"font-size: 14px;font-family: Karla\">Der Hausmeister, <\/span><strong style=\"font-size: 14px;font-family: Karla\">Herr Kedenburg<\/strong><span style=\"font-size: 14px;font-family: Karla\"> und seine <\/span><strong style=\"font-size: 14px;font-family: Karla\">Assistentin Frau Freude<\/strong><span style=\"font-size: 14px;font-family: Karla\">, k\u00fcmmern sich aufs Beste um alle Belange der Schulgeb\u00e4ude. Sie sorgen daf\u00fcr, dass unser Schulgel\u00e4nde stets einladend und freundlich aussieht und halten die Technik am Laufen. Die vielen Aufgaben k\u00f6nnen hier gar nicht alle aufgez\u00e4hlt werden, aber ohne die beiden l\u00e4uft hier nichts.<\/span><\/span><span style=\"color: #0f0082\"><span style=\"font-size: 14px;font-family: Karla\"><\/span><\/span><\/p>\n<p><span style=\"font-size: 14px;color: #ffffff;font-family: Karla\"><\/span><\/p>\n<p><span style=\"color: #382c84\"><a href=\"https:\/\/schule-sterntalerstrasse.hamburg.de\/?p=2845\">Hier<\/a> erhalten Sie einen Einblick in die Arbeit der beiden.<\/span><span style=\"font-family: Karla;font-weight: normal;color: #ffffff\"><\/span><\/p>\n<p><span style=\"font-family: Karla;font-weight: normal;color: #ffffff\"><\/span><\/p>\n<p>[\/et_pb_text][et_pb_gallery gallery_ids=&#8220;606,607&#8243; posts_number=&#8220;2&#8243; show_title_and_caption=&#8220;off&#8220; show_pagination=&#8220;off&#8220; _builder_version=&#8220;4.25.1&#8243; _module_preset=&#8220;default&#8220; width=&#8220;61%&#8220; global_colors_info=&#8220;{}&#8220;][\/et_pb_gallery][\/et_pb_column][\/et_pb_row][\/et_pb_section]<\/p>\n","protected":false},"excerpt":{"rendered":"<p>Mitarbeitende Schulb\u00fcro Unsere Schulsekret\u00e4rinnen hei\u00dfen Frau Erberk und Frau Yasav. Sie sind im B\u00fcro stets f\u00fcr alle kleinen und gro\u00dfen Probleme die richtige Ansprechpartnerinnen.\u00a0 Sprechzeiten: montags bis freitags 7:30-13:00Schreiben Sie uns in dringenden F\u00e4llen ausserhalb der Sprechzeiten eine E-Mail: schule-sterntalerstrasse@bsb.hamburg.de Frau Yasav040 42 88 673-50 &nbsp; &nbsp; Hausmeister Der Hausmeister, Herr Kedenburg und seine Assistentin [&hellip;]<\/p>\n","protected":false},"author":193,"featured_media":0,"parent":0,"menu_order":0,"comment_status":"closed","ping_status":"closed","template":"","meta":{"_acf_changed":false,"_et_pb_use_builder":"on","_et_pb_old_content":"<h2><span style=\"font-family: comic sans ms,sans-serif;color: #312782\">Schule Sterntalerstra\u00dfe<\/span><\/h2>\r\n<div class=\"maintext\">\r\n\r\n<span style=\"font-family: comic sans ms,sans-serif;color: #312782\">Vor- und Grundschule<\/span>\r\n\r\n<span style=\"font-family: comic sans ms,sans-serif;color: #312782\">Sterntalerstra\u00dfe 42<\/span>\r\n\r\n<span style=\"font-family: comic sans ms,sans-serif;color: #312782\">22119 Hamburg<\/span>\r\n<table style=\"height: 64px;width: 112.447%\" border=\"0\" width=\"800\" align=\"left\">\r\n<tbody>\r\n<tr style=\"height: 18px\">\r\n<td style=\"height: 18px;width: 27.2152%\"><span style=\"font-family: comic sans ms,sans-serif;color: #312782\">Telefon:<\/span><\/td>\r\n<td style=\"height: 18px;width: 85.0211%\"><span style=\"font-family: comic sans ms,sans-serif;color: #312782\">040 42 88 673-0<\/span><\/td>\r\n<\/tr>\r\n<tr style=\"height: 18px\">\r\n<td style=\"height: 18px;width: 27.2152%\"><span style=\"font-family: comic sans ms,sans-serif;color: #312782\">Fax:<\/span><\/td>\r\n<td style=\"height: 18px;width: 85.0211%\"><span style=\"font-family: comic sans ms,sans-serif;color: #312782\">040 42 88 673 22<\/span><\/td>\r\n<\/tr>\r\n<tr style=\"height: 18px\">\r\n<td style=\"height: 18px;width: 27.2152%\"><span style=\"font-family: comic sans ms,sans-serif;color: #312782\">E-mail Schule:<\/span><\/td>\r\n<td style=\"height: 18px;width: 85.0211%\"><span style=\"font-family: comic sans ms,sans-serif;color: #312782\">\u00a0<a style=\"color: #312782\" href=\"mailto:Jasmin.Daumann@bsb.hamburg-de\">schule-sterntalertrasse@bsb.hamburg.de<\/a><\/span><\/td>\r\n<\/tr>\r\n<\/tbody>\r\n<\/table>\r\n\u00a0\r\n<table style=\"height: 440px;width: 112.025%\" border=\"0\" width=\"472\" align=\"left\">\r\n<tbody>\r\n<tr style=\"height: 238px\">\r\n<td style=\"width: 43.038%;height: 10px\" valign=\"top\"><span style=\"font-family: comic sans ms,sans-serif;color: #312782\">B\u00fcro:<\/span><\/td>\r\n<td style=\"width: 68.7764%;height: 10px\" valign=\"top\">\u00a0\r\n\r\n<span style=\"font-family: comic sans ms,sans-serif;color: #312782\">040 42 88 673-0<\/span><\/td>\r\n<\/tr>\r\n<tr style=\"height: 412px\">\r\n<td style=\"width: 43.038%;height: 412px\"><span style=\"font-family: comic sans ms,sans-serif;color: #312782\">\u00a0<\/span><\/td>\r\n<td style=\"width: 68.7764%;height: 412px\">\u00a0\r\n\r\n<a href=\"https:\/\/schule-sterntalerstrasse.hamburg.de\/wp-content\/uploads\/sites\/125\/2021\/12\/derya.jpg\"><img class=\"alignnone wp-image-1634 size-medium\" src=\"https:\/\/schule-sterntalerstrasse.hamburg.de\/wp-content\/uploads\/sites\/125\/2021\/12\/derya-225x300.jpg\" alt=\"\" width=\"225\" height=\"300\" \/><\/a>\r\n\r\n<span style=\"font-family: 'comic sans ms', sans-serif\">Frau Yasav<\/span>\r\n\r\n040 42 88 673-50<\/td>\r\n<\/tr>\r\n<tr style=\"height: 18px\">\r\n<td style=\"width: 43.038%;height: 18px\" valign=\"top\"><span style=\"font-family: comic sans ms,sans-serif;color: #312782\">Sprechzeiten:<\/span><\/td>\r\n<td style=\"width: 68.7764%;height: 18px\" valign=\"top\"><strong><span style=\"color: #0000ff;font-family: 'comic sans ms', sans-serif\"><span style=\"font-size: medium\">montags bis freitags von <\/span><\/span><\/strong>\r\n\r\n<strong><span style=\"color: #0000ff;font-family: 'comic sans ms', sans-serif\"><span style=\"font-size: medium\">7:30 -13:00 Uhr<\/span><\/span><\/strong>\r\n\r\n<strong><span style=\"font-family: 'comic sans ms', sans-serif;color: #0000ff\">Schreiben Sie uns in dringenden F\u00e4llen<\/span><\/strong>\r\n\r\n<strong><span style=\"font-family: 'comic sans ms', sans-serif;color: #0000ff\"> eine E-Mail an das Schulpostfach!<\/span><\/strong><\/td>\r\n<\/tr>\r\n<\/tbody>\r\n<\/table>\r\n<span style=\"font-family: 'comic sans ms', sans-serif;color: #333399\">Unsere Schulsekret\u00e4rinnen hei\u00dfen Frau Erberk und Frau Yasav. Sie sind im B\u00fcro stets f\u00fcr alle kleinen und gro\u00dfen Probleme die richtige Ansprechpartnerinnen.<\/span>\r\n\r\n<\/div>\r\n<div><\/div>\r\n<div><\/div>\r\n<table style=\"width: 111.392%\">\r\n<tbody>\r\n<tr>\r\n<td style=\"width: 50%\"><img class=\"wp-image-606 aligncenter\" src=\"https:\/\/schule-sterntalerstrasse.hamburg.de\/wp-content\/uploads\/sites\/125\/2016\/11\/herr_hausmeister-204x300.jpg\" alt=\"herr_hausmeister\" width=\"106\" height=\"156\" \/><\/td>\r\n<td style=\"width: 61.1814%\"><img class=\"wp-image-607 aligncenter\" src=\"https:\/\/schule-sterntalerstrasse.hamburg.de\/wp-content\/uploads\/sites\/125\/2016\/11\/frau_freude-203x300.jpg\" alt=\"frau_freude\" width=\"106\" height=\"156\" \/><\/td>\r\n<\/tr>\r\n<\/tbody>\r\n<\/table>\r\n<span style=\"font-family: comic sans ms,sans-serif;color: #312782\">Der<\/span><span style=\"font-family: comic sans ms,sans-serif;color: #312782\">\u00a0Hausmeister, Herr Kedenburg und seine Assistentin Frau Freude, k\u00fcmmern sich aufs Beste um alle Belange der Schulgeb\u00e4ude. Sie sorgen daf\u00fcr, dass unser Schulgel\u00e4nde stets einladend und freundlich aussieht und halten die Technik am Laufen. Die vielen Aufgaben k\u00f6nnen hier gar nicht alle aufgez\u00e4hlt werden, aber ohne die beiden l\u00e4uft hier nichts.<\/span>","_et_gb_content_width":"","footnotes":""},"class_list":["post-112","page","type-page","status-publish","hentry"],"acf":[],"_links":{"self":[{"href":"https:\/\/schule-sterntalerstrasse.hamburg.de\/index.php?rest_route=\/wp\/v2\/pages\/112","targetHints":{"allow":["GET"]}}],"collection":[{"href":"https:\/\/schule-sterntalerstrasse.hamburg.de\/index.php?rest_route=\/wp\/v2\/pages"}],"about":[{"href":"https:\/\/schule-sterntalerstrasse.hamburg.de\/index.php?rest_route=\/wp\/v2\/types\/page"}],"author":[{"embeddable":true,"href":"https:\/\/schule-sterntalerstrasse.hamburg.de\/index.php?rest_route=\/wp\/v2\/users\/193"}],"replies":[{"embeddable":true,"href":"https:\/\/schule-sterntalerstrasse.hamburg.de\/index.php?rest_route=%2Fwp%2Fv2%2Fcomments&post=112"}],"version-history":[{"count":24,"href":"https:\/\/schule-sterntalerstrasse.hamburg.de\/index.php?rest_route=\/wp\/v2\/pages\/112\/revisions"}],"predecessor-version":[{"id":2853,"href":"https:\/\/schule-sterntalerstrasse.hamburg.de\/index.php?rest_route=\/wp\/v2\/pages\/112\/revisions\/2853"}],"wp:attachment":[{"href":"https:\/\/schule-sterntalerstrasse.hamburg.de\/index.php?rest_route=%2Fwp%2Fv2%2Fmedia&parent=112"}],"curies":[{"name":"wp","href":"https:\/\/api.w.org\/{rel}","templated":true}]}}